 15 divide 15150?
True
Is 70 a factor of 1654?
False
Does 10 divide 11765?
False
Is 8 a factor of 11842?
False
Does 16 divide 288?
True
Does 22 divide 264?
True
Does 57 divide 19848?
False
Does 7 divide 318?
False
Is 11967 a multiple of 49?
False
Is 315 a multiple of 84?
False
Is 313 a multiple of 5?
False
Does 7 divide 51411?
False
Is 115 a factor of 54740?
True
Is 13 a factor of 3371?
False
Is 1224 a multiple of 53?
False
Is 25871 a multiple of 60?
False
Is 48 a multiple of 11?
False
Is 12 a factor of 4824?
True
Is 47676 a multiple of 29?
True
Does 19 divide 1568?
False
Does 15 divide 4660?
False
Is 4357 a multiple of 20?
False
Is 19 a factor of 576?
False
Is 36 a factor of 1004?
False
Does 10 divide 2250?
True
Does 101 divide 697?
False
Does 131 divide 22794?
True
Does 73 divide 2757?
False
Is 17384 a multiple of 106?
True
Is 576 a multiple of 12?
True
Is 6785 a multiple of 115?
True
Is 2374 a multiple of 31?
False
Does 11 divide 5302?
True
Does 19 divide 4921?
True
Does 2 divide 121?
False
Is 904 a multiple of 6?
False
Does 109 divide 39894?
True
Does 15 divide 116490?
True
Is 70 a multiple of 2?
True
Is 6 a factor of 21210?
True
Is 575 a multiple of 23?
True
Does 22 divide 3619?
False
Does 21 divide 231?
True
Is 819 a multiple of 39?
True
Does 21 divide 35526?
False
Does 45 divide 990?
True
Does 13 divide 2942?
False
Does 40 divide 41480?
True
Does 39 divide 732?
False
Does 17 divide 24225?
True
Does 67 divide 1602?
False
Does 111 divide 162493?
False
Does 4 divide 3114?
False
Does 43 divide 3772?
False
Is 53 a factor of 1060?
True
Is 8 a factor of 211?
False
Does 4 divide 8283?
False
Is 12 a factor of 567?
False
Is 845 a multiple of 13?
True
Is 19 a factor of 2698?
True
Does 48 divide 29184?
True
Is 12 a factor of 36300?
True
Does 6 divide 402?
True
Does 16 divide 33647?
False
Does 19 divide 931?
True
Is 1833 a multiple of 7?
False
Is 8 a factor of 1824?
True
Does 117 divide 6610?
False
Does 6 divide 762?
True
Does 12 divide 156?
True
Does 25 divide 665?
False
Is 125 a factor of 48770?
False
Is 2136 a multiple of 89?
True
Is 29 a factor of 600?
False
Does 15 divide 975?
True
Is 55 a factor of 1485?
True
Is 26239 a multiple of 117?
False
Is 31 a factor of 527?
True
Is 2730 a multiple of 35?
True
Is 396 a multiple of 66?
True
Is 17 a factor of 1428?
True
Does 38 divide 76?
True
Does 92 divide 2208?
True
Is 13 a factor of 8203?
True
Is 18477 a multiple of 9?
True
Does 9 divide 680?
False
Does 75 divide 3545?
False
Is 3 a factor of 13221?
True
Does 166 divide 5976?
True
Does 11 divide 2904?
True
Is 596 even?
True
Is 52 a multiple of 8?
False
Is 24 a factor of 48?
True
Is 12870 a multiple of 165?
True
Does 53 divide 1324?
False
Is 135 a factor of 14051?
False
Is 1100 a multiple of 10?
True
Is 20 a multiple of 15?
False
Does 10 divide 2549?
False
Does 20 divide 21160?
True
Is 215 a multiple of 10?
False
Does 15 divide 665?
False
Is 512 a multiple of 8?
True
Does 27 divide 2906?
False
Does 9 divide 37935?
True
Is 8134 a multiple of 98?
True
Is 943 a multiple of 23?
True
Is 28 a factor of 4088?
True
Is 237 a factor of 64782?
False
Is 3 a factor of 2533?
False
Does 31 divide 2170?
True
Is 8940 a multiple of 15?
True
Is 12 a factor of 7332?
True
Is 18 a factor of 34587?
False
Is 962 a multiple of 71?
False
Does 7 divide 201?
False
Is 3517 a multiple of 20?
False
Does 90 divide 677?
False
Does 25 divide 375?
True
Is 6120 a multiple of 12?
True
Is 71 a factor of 845?
False
Is 19530 a multiple of 63?
True
Is 204 a multiple of 17?
True
Does 22 divide 506?
True
Is 7 a factor of 3025?
False
Is 82 a factor of 63187?
False
Is 869 a multiple of 15?
False
Is 1746 a multiple of 18?
True
Is 734 a multiple of 5?
False
Is 24 a factor of 6552?
True
Is 32 a factor of 3783?
False
Does 92 divide 43884?
True
Is 17 a factor of 22789?
False
Does 68 divide 7715?
False
Is 26 a factor of 1820?
True
Does 21 divide 33320?
False
Does 20 divide 2000?
True
Does 98 divide 67876?
False
Does 6 divide 802?
False
Does 15 divide 690?
True
Is 12076 a multiple of 87?
False
Is 17 a factor of 96?
False
Is 27 a factor of 488?
False
Is 828 a multiple of 69?
True
Is 3 a factor of 5373?
True
Does 5 divide 6177?
False
Does 3 divide 501?
True
Is 270 a multiple of 5?
True
Is 2 a factor of 410?
True
Does 12 divide 151200?
True
Is 38 a factor of 3496?
True
Is 8 a factor of 675?
False
Is 7 a factor of 4938?
False
Does 4 divide 78?
False
Is 186 a multiple of 6?
True
Does 64 divide 9280?
True
Does 4 divide 260?
True
Does 4 divide 364?
True
Is 234 a factor of 23462?
False
Does 5 divide 1524?
False
Does 4 divide 2687?
False
Does 10 divide 39299?
False
Is 98 a factor of 2156?
True
Does 42 divide 462?
True
Does 10 divide 1160?
True
Does 5 divide 7630?
True
Does 5 divide 15802?
False
Is 4 a factor of 451?
False
Is 4923 a multiple of 4?
False
Is 2 a factor of 117?
False
Does 6 divide 11319?
False
Is 59004 a multiple of 22?
True
Does 13 divide 27205?
False
Is 1995 a multiple of 15?
True
Is 104 a factor of 23739?
False
Is 2666 a multiple of 29?
False
Does 13 divide 1484?
False
Is 180 a multiple of 10?
True
Does 13 divide 3750?
False
Does 45 divide 5722?
False
Does 10 divide 18440?
True
Is 6 a factor of 760?
False
Is 3090 a multiple of 10?
True
Is 30 a factor of 1350?
True
Does 12 divide 2034?
False
Is 47124 a multiple of 12?
True
Does 23 divide 26197?
True
Is 3201 a multiple of 33?
True
Is 100 a multiple of 5?
True
Is 31819 a multiple of 10?
False
Is 819 a multiple of 16?
False
Is 27 a factor of 243?
True
Is 7 a factor of 532?
True
Is 1899 a multiple of 5?
False
Is 760 a multiple of 3?
False
Is 37 a factor of 10656?
True
Does 20 divide 21601?
False
Is 11289 a multiple of 159?
True
Is 24 a factor of 24?
True
Is 5408 a multiple of 17?
False
Does 68 divide 3552?
False
Is 66447 a multiple of 27?
True
Does 9 divide 2916?
True
Does 179 divide 17679?
False
Does 22 divide 318?
False
Is 5 a factor of 130?
True
Is 327 a multiple of 28?
False
Does 210 divide 29906?
False
Does 50 divide 34050?
True
Is 97 a factor of 40255?
True
Is 969 a multiple of 17?
True
Is 93366 a multiple of 151?
False
Does 9 divide 36?
True
Is 25 a factor of 5127?
False
Does 42 divide 21823?
False
Does 6 divide 168?
True
Is 1624 a multiple of 5?
False
Does 195 divide 33930?
True
Is 8 a factor of 1270?
False
Is 11 a factor of 921?
False
Does 34 divide 89?
False
Is 53 a factor of 2438?
True
Is 213 a factor of 107352?
True
Is 488 a multiple of 28?
False
Is 15504 a multiple of 114?
True
Is 120 a factor of 10320?
True
Does 57 divide 171?
True
Is 28670 a multiple of 46?
False
Is 1544 a multiple of 26?
False
Is 4 a factor of 1049?
False
Is 766 a multiple of 81?
False
Is 122465 a multiple of 169?
False
Does 2 divide 34?
True
Does 4 divide 279?
False
Does 25 divide 1700?
True
Is 72 a factor of 52920?
True
Does 5 divide 18301?
False
Is 13 a factor of 169?
True
Is 8 a factor of 10544?
True
Is 123000 a multiple of 375?
True
Is 23036 a multiple of 26?
True
Does 14 divide 882?
True
Is 3047 a multiple of 11?
True
Does 47 divide 1457?
True
Does 13 divide 9092?
False
Does 5 divide 6612?
False
Is 6 a factor of 696?
True
Does 121 divide 719?
False
Is 2 a factor of 2?
True
Is 40 a factor of 1707?
False
Does 15 divide 6360?
True
Is 51 a factor of 3060?
True
Is 1279 a multiple of 125?
False
Is 270 a multiple of 7?
False
Does 10 divide 381?
False
Is 137895 a multiple of 145?
True
Is 11 a factor of 1012?
True
Is 92 a factor of 5353?
False
Does 20 divide 38540?
True
Is 13 a factor of 819?
True
Is 73 a multiple of 32?
False
Does 17 divide 375?
False
Is 779 a multiple of 19?
True
Is 62 a factor of 372?
True
Does 6 divide 762?
True
Is 41 a factor of 60639?
True
Is 5 a factor of 84?
False
Is 254 a multiple of 2?
True
Is 11 a factor of 3408?
False
Is 3 a factor of 435?
True
Is 10041 a multiple of 9?
False
Is 351 a multiple of 12?
False
Is 24 a factor of 19728?
True
Is 11 a factor of 7656?
True
Is 12 a factor of 478?
False
Is 69 a factor of 897?
True
Is 34 a factor of 1666?
True
Is 11 a factor of 1287?
True
Is 840 a multiple of 35?
True
Is 14 a factor of 6174?
True
Does 31 divide 249?
False
Does 24 divide 47965?
False
Is 267 a factor of 14685?
True
Is 2580 a multiple of 31?
False
Is 25 a factor of 7625?
True
Is 5 a factor of 676?
False
Is 4 a factor of 1719?
False
Is 44